{"id":76,"date":"2023-11-21T13:48:06","date_gmt":"2023-11-21T16:48:06","guid":{"rendered":"https:\/\/dracamillavidal.com.br\/?page_id=76"},"modified":"2023-11-21T13:48:28","modified_gmt":"2023-11-21T16:48:28","slug":"dra-camilla","status":"publish","type":"page","link":"https:\/\/dracamillavidal.com.br\/index.php\/dra-camilla\/","title":{"rendered":"Dra. Camilla Vidal"},"content":{"rendered":"\n<h5 class=\"wp-block-heading\">CRM-SP 164.436<\/h5>\n\n\n\n<figure class=\"wp-block-image alignright size-full\"><img loading=\"lazy\" decoding=\"async\" width=\"563\" height=\"516\" src=\"http:\/\/dracamillavidal.com.br\/wp-content\/uploads\/2023\/11\/Design-sem-nome-3.png\" alt=\"\" class=\"wp-image-70\" srcset=\"https:\/\/dracamillavidal.com.br\/wp-content\/uploads\/2023\/11\/Design-sem-nome-3.png 563w, https:\/\/dracamillavidal.com.br\/wp-content\/uploads\/2023\/11\/Design-sem-nome-3-300x275.png 300w\" sizes=\"auto, (max-width: 563px) 100vw, 563px\" \/><\/figure>\n\n\n\n<p>Nascida em Corumb\u00e1 \u2013 MS e filha de ginecologista obstetra, decidi desde cedo seguir os passos do meu pai. Ver sua dedica\u00e7\u00e3o e carinho no cuidado \u00e0s pacientes foi fundamental para a escolha de minha profiss\u00e3o e orgulhosamente seguir a mesma trajet\u00f3ria.<\/p>\n\n\n\n<p>Deixei minha cidade natal aos dezesseis anos para me dedicar ao sonho de cursar Medicina. Por conseguir ser aprovada na faculdade diretamente do ensino m\u00e9dio, fui uma das alunas mais novas da minha turma na Faculdade de Medicina da Universidade Federal do Mato Grosso do Sul \u2013 UFMS, em Campo Grande. Durante a gradua\u00e7\u00e3o, o amor pela Ginecologia e Obstetr\u00edcia se confirmou. Portanto, prestei concursos de Resid\u00eancia M\u00e9dica na especialidade e escolhi Ribeir\u00e3o Preto para meu novo lar, pois optei por realizar a Resid\u00eancia M\u00e9dica em Ginecologia e Obstetr\u00edcia na Universidade de S\u00e3o Paulo (USP). Ainda no Hospital das Cl\u00ednicas da Faculdade de Medicina de Ribeir\u00e3o Preto (HC FMRP USP) fiz minha especializa\u00e7\u00e3o em Reprodu\u00e7\u00e3o Humana e Ginecologia End\u00f3crina. Neste lugar, que me acolheu com muitos amigos e conhecimento, fui tamb\u00e9m m\u00e9dica colaboradora, atuando no setor de Reprodu\u00e7\u00e3o Humana Assistida.<\/p>\n\n\n\n<p>Fui docente da Faculdade de Medicina Est\u00e1cio de S\u00e1, o que contribuiu para minha forma\u00e7\u00e3o pessoal e profissional atrav\u00e9s da constante necessidade de atualiza\u00e7\u00e3o e aprendizado.<\/p>\n\n\n\n<p>Fiz p\u00f3s-gradua\u00e7\u00e3o em Ultrassonografia em Ginecologia e Obstetr\u00edcia pela FATESA\/EURP, possuo t\u00edtulo de especialista em Ginecologia e Obstetr\u00edcia (TEGO) pela FEBRASGO (Federa\u00e7\u00e3o Brasileira das Associa\u00e7\u00f5es de Ginecologia e Obstetr\u00edcia) e certificado de capacita\u00e7\u00e3o em Reprodu\u00e7\u00e3o Assistida pela Sociedade Brasileira de Reprodu\u00e7\u00e3o Assistida (SBRA).<\/p>\n\n\n\n<p>Durante este percurso de estudos e especializa\u00e7\u00f5es, sempre sonhei em poder trabalhar em um lugar que permitisse conciliar todo o conhecimento adquirido ao acolhimento humanizado do paciente, com empatia e respeito. Por isso, sinto-me honrada em poder colocar em pr\u00e1tica no CEFERP o meu sonho, em busca tamb\u00e9m do sonho de todos que nos procuram!<\/p>\n","protected":false},"excerpt":{"rendered":"<p>CRM-SP 164.436 Nascida em Corumb\u00e1 \u2013 MS e filha de ginecologista obstetra, decidi desde cedo seguir os passos do meu pai. Ver sua dedica\u00e7\u00e3o e carinho no cuidado \u00e0s pacientes foi fundamental para a escolha de minha profiss\u00e3o e orgulhosamente seguir a mesma trajet\u00f3ria. Deixei minha cidade natal aos dezesseis anos para me dedicar ao [&hellip;]<\/p>\n","protected":false},"author":1,"featured_media":0,"parent":0,"menu_order":0,"comment_status":"closed","ping_status":"closed","template":"","meta":{"_joinchat":[],"footnotes":""},"class_list":["post-76","page","type-page","status-publish","hentry"],"aioseo_notices":[],"_hostinger_reach_plugin_has_subscription_block":false,"_hostinger_reach_plugin_is_elementor":false,"_links":{"self":[{"href":"https:\/\/dracamillavidal.com.br\/index.php\/wp-json\/wp\/v2\/pages\/76","targetHints":{"allow":["GET"]}}],"collection":[{"href":"https:\/\/dracamillavidal.com.br\/index.php\/wp-json\/wp\/v2\/pages"}],"about":[{"href":"https:\/\/dracamillavidal.com.br\/index.php\/wp-json\/wp\/v2\/types\/page"}],"author":[{"embeddable":true,"href":"https:\/\/dracamillavidal.com.br\/index.php\/wp-json\/wp\/v2\/users\/1"}],"replies":[{"embeddable":true,"href":"https:\/\/dracamillavidal.com.br\/index.php\/wp-json\/wp\/v2\/comments?post=76"}],"version-history":[{"count":1,"href":"https:\/\/dracamillavidal.com.br\/index.php\/wp-json\/wp\/v2\/pages\/76\/revisions"}],"predecessor-version":[{"id":77,"href":"https:\/\/dracamillavidal.com.br\/index.php\/wp-json\/wp\/v2\/pages\/76\/revisions\/77"}],"wp:attachment":[{"href":"https:\/\/dracamillavidal.com.br\/index.php\/wp-json\/wp\/v2\/media?parent=76"}],"curies":[{"name":"wp","href":"https:\/\/api.w.org\/{rel}","templated":true}]}}